 b = q + -52. What is the units digit of 3*(-3)/(b/(-260))?
5
Let l(a) = 38*a + 445. What is the thousands digit of l(26)?
1
Let g(r) = 614*r - 13. What is the hundreds digit of g(1)?
6
Let x = -105 + 107. Suppose s - 6*f - 120 = -f, 0 = x*f + 2. What is the units digit of s?
5
Suppose 11*i + 7619 = 15*i + 5*u, 4*i - 7625 = u. What is the thousands digit of i?
1
What is the tens digit of (-44)/198*9 + (-7042)/(-2)?
1
Suppose 24 = v + 3*v. Let q(c) = 6*c - 7 - v*c - 11*c. What is the units digit of q(-5)?
8
Let c(t) = 3*t + 3. Let n be c(-4). Let y(q) = 2*q**3 + 18*q**2 + 5. What is the units digit of y(n)?
5
Let y(v) = -v + 16. Let u be y(14). Suppose -u*q = -3*i - 101, -3*q + 123 = -5*i - 26. What is the units digit of q?
8
Let n(o) = -o**2 + 2. Let l be n(-2). What is the units digit of 4/l + (-2 - -4) + 107?
7
Suppose 113*v = 101*v + 3300. What is the units digit of v?
5
Suppose t = -3*t + 1760. Suppose -5*p - t = -10*p. What is the tens digit of p?
8
Let q = 1567 - 1415. What is the hundreds digit of q?
1
Let z(m) = 2*m**3 - 9*m**2 + 9*m + 13. What is the tens digit of z(14)?
6
Let k(m) = 50*m. Let g be k(-1). Let o = g - -112. What is the units digit of o?
2
Suppose -4 = -2*f + 2. Suppose -i = -f + 80. Let o = -16 - i. What is the tens digit of o?
6
Let t(r) be the second derivative of 7*r**3/2 - r**2 - 7*r. Let i(u) = -106*u + 9. Let b(q) = 2*i(q) + 11*t(q). What is the tens digit of b(2)?
3
Let p(t) = t**3 - 4*t**2 - 5*t - 2. Let m be -2*(-14)/4 - 2. Let v be p(m). Let x = v - -6. What is the units digit of x?
4
Let d(v) = -v**3 + v**2 + 2. Let k be d(0). Suppose 0 = 6*y + 413 + 7. What is the units digit of y/(-4) - k/4?
7
Let b be (-31)/4 - (-3)/(-12). Let r = 4 + b. What is the units digit of (-12)/(-8)*r/(-6)?
1
Let g(z) = -85*z + 1. Let v be g(-1). Suppose f - 18 = -o, -5*f - 3*o + v = o. What is the units digit of f?
4
Let n(k) = 3*k**3 + 9*k**2 + 2*k + 4. What is the hundreds digit of n(5)?
6
Suppose 3*n - 2123 = -p, 362 = -3*n - 3*p + 2477. What is the tens digit of n?
0
Let w be 12*(-2 + 3 + 2). What is the hundreds digit of (w/15)/((-10)/(-425))?
1
Let r(w) be the second derivative of -w**3/3 + 3*w**2/2 - 7*w. Let t be r(2). What is the tens digit of 37 - (t + 2)*-3?
4
Suppose 15 = 4*s + 63. Let a be 8/s*66/4. Let r = 27 + a. What is the units digit of r?
6
Let l be 4 + (5 + -2 - 7). Suppose 116 = 4*o - l*o. Suppose 12 + o = i. What is the tens digit of i?
4
Let c(h) = 12*h - 387. What is the tens digit of c(37)?
5
What is the hundreds digit of (-14)/(-5) - 44/(-220) - -1417?
4
Suppose -16*o + 6215 = -857. What is the units digit of o?
2
Let h = -2467 + 4049. What is the units digit of h?
2
Let f(x) = 75*x + 302. What is the units digit of f(6)?
2
Suppose -3*z + 6 = 3. Let p(g) = 16*g - 3. Let r(w) = -16*w + 4. Let k(v) = 5*p(v) + 4*r(v). What is the tens digit of k(z)?
1
Let t be ((-4)/2)/((-3)/6). Let o = -3 + t. What is the tens digit of -1 + 3 + 10 + o?
1
Let c be 8/36 - 86/(-18). Suppose -4 + 0 = 2*b + 4*l, 0 = -c*b - 3*l + 11. Suppose n - 11 + b = 0. What is the units digit of n?
7
Let x(u) be the second derivative of -4*u**3/3 - 7*u**2/2 + 5*u. Let y be x(-5). What is the tens digit of (-572)/y*6/(-4)?
2
Suppose 0 = -3*b + 7*b + 12. Let z be (-1)/b + (-160)/(-6). Suppose 2*g - z = -3. What is the units digit of g?
2
Let h be ((-28)/(-10))/((-2)/(-5)). Suppose 0 = w - h - 4. Suppose 4*s + w - 80 = -5*c, -2*s = c - 39. What is the tens digit of s?
2
Suppose 6 = 3*f - 0*f. Let q(i) = 5 - 11 - f*i + 0. What is the units digit of q(-5)?
4
Suppose m + 1578 = 2*n, 0 = 5*n - 2*m - 2879 - 1064. What is the tens digit of n?
8
Let t be 4 + 3/(-1) - -2. Suppose 0*j + 270 = 3*z - 3*j, 4*j - 235 = -t*z. What is the tens digit of z?
8
Let h(y) = -172*y + 33. What is the hundreds digit of h(-4)?
7
Let k(g) = -9*g + g**2 + 0 + 2*g + 4 + 0. Let d be k(6). What is the tens digit of ((-3)/d)/(30/460)?
2
Suppose -11 - 5 = -4*n. Let a be -1 + (1 + 0)*n. Suppose -2*c = f + a*c - 62, -c = -2. What is the tens digit of f?
5
Let i be 4 + (-3 - (-22 - 5)). Suppose -8*x = -1100 - i. What is the units digit of x?
1
Suppose -2*y - 2 = 0, -3*y + 4332 = 5*i - 2870. What is the thousands digit of i?
1
What is the tens digit of 10/(-85) + (-65736)/(-408)?
6
Let d(q) = q**3 + 5*q**2 - 16*q - 12. Let l be d(-7). Let w = l - -20. What is the units digit of w?
2
Suppose 588 = 5*n - n. What is the hundreds digit of n?
1
Suppose b - 8 = -3*b. Suppose -2*f + 104 = 4*i - f, b*i - 3*f - 66 = 0. What is the units digit of i?
7
Let a be 1/(-2) + -1 + 1227/6. Suppose -30 = -3*l + 5*r + a, 2*l - 157 = 3*r. What is the tens digit of l?
8
Suppose 0 = 18*c - 14*c. Let d = 64 + c. What is the units digit of d?
4
Suppose 40 = -5*j + 2*p - 4*p, 3*j = 5*p - 24. What is the tens digit of 6*(-1 + (-124)/j)?
8
Suppose -19116 = -143*t + 134*t. What is the hundreds digit of t?
1
Let j(a) = a**3 - 16*a + 5. What is the tens digit of j(8)?
8
Let y = -491 - -1193. What is the tens digit of y?
0
Let o = -31 - -28. What is the tens digit of (58/o)/((-4)/6)?
2
Suppose -4 = p - 5, 0 = -5*z - 3*p + 7038. What is the hundreds digit of z?
4
Let l(x) = -7*x**2 + 3*x - 2. Suppose 3*o + 26 = o. Let u(t) = -15*t**2 + 6*t - 5. Let w(g) = o*l(g) + 6*u(g). What is the units digit of w(5)?
6
Let w be (-4)/(4/10*5). Let k be w/(((-28)/8)/(-7)). Let u(n) = -5*n - 4. What is the units digit of u(k)?
6
Suppose -2*g = -3*f - 2064, 2*g - 8*f - 2036 = -12*f. What is the units digit of g?
6
Let a be (-2)/6 + 42/18. Let b be (4 - 2)*(0 + a). Suppose 0 = 2*z - 46 + b. What is the tens digit of z?
2
Let w(h) = h**3 + 4*h**2 + h + 3. Let k be w(-4). What is the tens digit of k/1 + 3 - -23?
2
Suppose f - 3*t - 19 = 0, 3*f - t = -3*t + 46. Suppose 265 = f*s - 11*s. What is the tens digit of s?
5
Let w(l) = 17*l + 27. What is the units digit of w(7)?
6
What is the thousands digit of (8/(-12) - 26572/(-6)) + -6?
4
Let j(k) = k - 11. Let s be j(13). Suppose -3*w + 41 = s. What is the units digit of w?
3
Suppose -1780 = 7*i - 20603. What is the units digit of i?
9
Let b = 1239 + -709. What is the tens digit of b?
3
Suppose -8*s + 3*s + 5*b + 265 = 0, 0 = -s + 3*b + 47. Suppose -15 = 42*p - 47*p. Suppose -w = p*w - s. What is the units digit of w?
4
Suppose 0 = -13*u + 16*u - 249. Suppose -u*l - 64 = -85*l. What is the units digit of l?
2
Let t(s) = -s**3 + s**2 - s + 29. Let b be t(0). Let i be 3 + 3*(-34)/6. Let z = b + i. What is the tens digit of z?
1
Let r(i) = -15*i**3 + 6*i**2 - 5*i - 2. Let y(d) = 16*d**3 - 7*d**2 + 6*d + 2. Let l(m) = -6*r(m) - 5*y(m). What is the units digit of l(2)?
8
Suppose -5*z - 5*k = -20, -2*z + 2*k + 12 = z. Let d(f) = f**3 - 5*f**2 + 7*f - 6. Let u be d(z). Suppose 0*y - 408 = -u*y. What is the units digit of y?
8
Suppose -2*q + 24 = 2*q. Let v(z) = 6 - 11*z - q - z**2 + 21. What is the tens digit of v(-9)?
3
Let o(z) = 2*z**3 - 16*z**2 + 9*z + 32. Let i be o(7). Suppose -4*q + 6*q + 138 = 0. Let f = i - q. What is the units digit of f?
6
Let u = -19 - -21. Suppose -5*z - 94 = -2*m, -u*m = -2*z - z - 98. What is the tens digit of m?
5
Suppose 2*q = 4*v - 211 + 2781, 3810 = 3*q + 3*v. What is the thousands digit of q?
1
Let y(x) = 61*x + 30. What is the tens digit of y(4)?
7
Suppose 44*h = 47*h - 627. What is the hundreds digit of h?
2
Let o = -913 - -2651. What is the tens digit of o?
3
Let a(d) = -14*d**3 + 6*d**2 - 4*d - 4. Let b be a(-3). What is the units digit of (2 - 22/5)*b/(-6)?
6
Suppose 3*s = 10*s - 861. Suppose -1463 + s = -5*n. What is the tens digit of n?
6
Let j be (10 - -66)*11/2. Suppose j = 2*q + 2*r + 98, -4*r - 12 = 0. What is the tens digit of 1/(q/(-41) - -4)?
4
Let g be -1 - (-3)/(-4*2/(-976)). Let m = -238 + g. What is the hundreds digit of m?
1
Let g = 1392 + -868. What is the hundreds digit of g?
5
What is the tens digit of 1127 - (8 - -113)/11?
1
Suppose -2*x + 4744 = -3*z, -z - 3 = -1. What is the tens digit of x?
6
Let g = 461 - 144. What is the hundreds digit of g?
3
Let a = -551 - -1515. What is the tens digit of a?
6
Let x(m) = 31*m + 10 - 10*m - 26 - 13. Let l(a) = -7*a + 10. Let i(v) = 11*l(v) + 4*x(v). What is the tens digit of i(4)?
2
Let g = 6 - -2. Let v be ((-3)/(-4))/(g/960). Suppose 2*t - v = -3*t. What is the tens digit of t?
1
Suppos